{"id":23,"date":"2023-06-16T15:22:25","date_gmt":"2023-06-16T15:22:25","guid":{"rendered":"https:\/\/grupos.us.es\/reinforced\/?page_id=23"},"modified":"2024-03-06T13:10:03","modified_gmt":"2024-03-06T13:10:03","slug":"participantes","status":"publish","type":"page","link":"https:\/\/grupos.us.es\/reinforced\/participantes\/","title":{"rendered":"Participantes"},"content":{"rendered":"\n<p><strong>Nodo 1<\/strong>: Grupo Investigaci\u00f3n ACETI, Departamento de Ingenier\u00eda Electr\u00f3nica, Universidad de Sevilla. <\/p>\n\n\n\n<ul class=\"wp-block-list\">\n<li><strong>Participantes:<\/strong> <em>Daniel Guti\u00e9rrez, Sergio Toral, Manuel Perales, Samuel Yanes.<\/em><\/li>\n<\/ul>\n\n\n\n<figure class=\"wp-block-image size-full is-resized\"><img loading=\"lazy\" decoding=\"async\" width=\"721\" height=\"660\" src=\"https:\/\/grupos.us.es\/reinforced\/wp-content\/uploads\/2023\/06\/Logo_US.png\" alt=\"\" class=\"wp-image-13\" style=\"width:150px;height:150px\" srcset=\"https:\/\/grupos.us.es\/reinforced\/wp-content\/uploads\/2023\/06\/Logo_US.png 721w, https:\/\/grupos.us.es\/reinforced\/wp-content\/uploads\/2023\/06\/Logo_US-300x275.png 300w\" sizes=\"auto, (max-width: 721px) 100vw, 721px\" \/><\/figure>\n\n\n\n<p><strong>Nodo 2:<\/strong> Grupo Investigaci\u00f3n ODS, Departamento de Ingenier\u00eda, Universidad Loyola Andaluc\u00eda.<\/p>\n\n\n\n<ul class=\"wp-block-list\">\n<li><strong>Participantes: <\/strong><em>Pablo Mill\u00e1n, Guillermo Bejarano, Jos\u00e9 Mar\u00eda Manzano, Isabel Jurado, Alejandro Tapia, Federico Peralta.<\/em><\/li>\n<\/ul>\n\n\n\n<figure class=\"wp-block-image size-full is-resized\"><img loading=\"lazy\" decoding=\"async\" width=\"404\" height=\"125\" src=\"https:\/\/grupos.us.es\/reinforced\/wp-content\/uploads\/2023\/06\/Loyola.png\" alt=\"\" class=\"wp-image-138\" style=\"width:280px;height:120px\" srcset=\"https:\/\/grupos.us.es\/reinforced\/wp-content\/uploads\/2023\/06\/Loyola.png 404w, https:\/\/grupos.us.es\/reinforced\/wp-content\/uploads\/2023\/06\/Loyola-300x93.png 300w\" sizes=\"auto, (max-width: 404px) 100vw, 404px\" \/><\/figure>\n\n\n\n<p><strong>Nodo 3:<\/strong> Departamento en Ingenier\u00eda Electr\u00f3nica, Sistemas Inform\u00e1ticos y Autom\u00e1tica. Universidad de Huelva.<\/p>\n\n\n\n<ul class=\"wp-block-list\">\n<li><strong>Participantes:<\/strong> <em>Luis Orihuela.<\/em><\/li>\n<\/ul>\n\n\n\n<figure class=\"wp-block-image size-full\"><img loading=\"lazy\" decoding=\"async\" width=\"225\" height=\"225\" src=\"https:\/\/grupos.us.es\/reinforced\/wp-content\/uploads\/2023\/06\/huelva.png\" alt=\"\" class=\"wp-image-140\" srcset=\"https:\/\/grupos.us.es\/reinforced\/wp-content\/uploads\/2023\/06\/huelva.png 225w, https:\/\/grupos.us.es\/reinforced\/wp-content\/uploads\/2023\/06\/huelva-150x150.png 150w\" sizes=\"auto, (max-width: 225px) 100vw, 225px\" \/><\/figure>\n\n\n\n<p><strong>Nodo 4:<\/strong> Grupo Investigaci\u00f3n ACETI, Departamento de Ingenier\u00eda El\u00e9ctrica, Universidad de M\u00e1laga.<\/p>\n\n\n\n<ul class=\"wp-block-list\">\n<li><strong>Participantes:<\/strong> <em>Mario Duran, Ignacio Gonz\u00e1lez.<\/em><\/li>\n<\/ul>\n\n\n\n<figure class=\"wp-block-image size-full\"><img loading=\"lazy\" decoding=\"async\" width=\"225\" height=\"225\" src=\"https:\/\/grupos.us.es\/reinforced\/wp-content\/uploads\/2023\/06\/malaga.png\" alt=\"\" class=\"wp-image-142\" srcset=\"https:\/\/grupos.us.es\/reinforced\/wp-content\/uploads\/2023\/06\/malaga.png 225w, https:\/\/grupos.us.es\/reinforced\/wp-content\/uploads\/2023\/06\/malaga-150x150.png 150w\" sizes=\"auto, (max-width: 225px) 100vw, 225px\" \/><\/figure>\n\n\n\n<p><strong>Nodo 5:<\/strong> Departamento de Ingenier\u00eda Mec\u00e1nica, Universidad Pontificia Comillas.<\/p>\n\n\n\n<ul class=\"wp-block-list\">\n<li><strong>Participantes:<\/strong> <em>Mar\u00eda del Mar Cledera, Carlos Morales.<\/em><\/li>\n<\/ul>\n\n\n\n<figure class=\"wp-block-image size-full\"><img loading=\"lazy\" decoding=\"async\" width=\"275\" height=\"183\" src=\"https:\/\/grupos.us.es\/reinforced\/wp-content\/uploads\/2023\/06\/Comillas.png\" alt=\"\" class=\"wp-image-144\"\/><\/figure>\n\n\n\n<p><strong>Nodo 6:<\/strong> Grupo UCASE de Ingenier\u00eda del Software, Departamento de Ingenier\u00eda Inform\u00e1tica, Universidad de C\u00e1diz.<\/p>\n\n\n\n<ul class=\"wp-block-list\">\n<li><strong>Participantes: <\/strong><em>Juan Boubeta, Guadalupe Ortiz, Alfonso Garc\u00eda.<\/em><\/li>\n<\/ul>\n\n\n\n<figure class=\"wp-block-image size-full\"><img loading=\"lazy\" decoding=\"async\" width=\"313\" height=\"161\" src=\"https:\/\/grupos.us.es\/reinforced\/wp-content\/uploads\/2023\/06\/Cadiz.png\" alt=\"\" class=\"wp-image-146\" srcset=\"https:\/\/grupos.us.es\/reinforced\/wp-content\/uploads\/2023\/06\/Cadiz.png 313w, https:\/\/grupos.us.es\/reinforced\/wp-content\/uploads\/2023\/06\/Cadiz-300x154.png 300w\" sizes=\"auto, (max-width: 313px) 100vw, 313px\" \/><\/figure>\n\n\n\n<p><strong>Nodo 7:<\/strong> Biolog\u00eda molecular de los mecanismos de respuesta a estr\u00e9s (BIO187), \u00e1rea de Bioqu\u00edmica y Biolog\u00eda Molecular, Universidad de C\u00f3rdoba.<\/p>\n\n\n\n<ul class=\"wp-block-list\">\n<li><strong>Participantes:<\/strong> <em>Carmen Mich\u00e1n y Jos\u00e9 Alhama.<\/em><\/li>\n<\/ul>\n\n\n\n<figure class=\"wp-block-image size-full is-resized\"><img loading=\"lazy\" decoding=\"async\" width=\"257\" height=\"196\" src=\"https:\/\/grupos.us.es\/reinforced\/wp-content\/uploads\/2023\/06\/Cordoba.png\" alt=\"\" class=\"wp-image-148\" style=\"width:240px;height:160px\"\/><\/figure>\n\n\n\n<p><strong>Nodo 8: <\/strong>Grupo Modelado Inteligente de Sistemas (MIS). Departamento de Ingenier\u00eda Inform\u00e1tica, Universidad de C\u00e1diz.<\/p>\n\n\n\n<ul class=\"wp-block-list\">\n<li><strong>Participantes: <\/strong><em>Ignacio Turias<\/em>, Mar\u00eda Gema Carrasco, Mar\u00eda Inmaculada Rodr\u00edguez, Francisco Javier Gonz\u00e1lez, Juan Jes\u00fas Ruiz.<\/li>\n<\/ul>\n\n\n\n<figure class=\"wp-block-image size-full\"><img loading=\"lazy\" decoding=\"async\" width=\"313\" height=\"161\" src=\"https:\/\/grupos.us.es\/reinforced\/wp-content\/uploads\/2023\/06\/Cadiz-1.png\" alt=\"\" class=\"wp-image-150\" srcset=\"https:\/\/grupos.us.es\/reinforced\/wp-content\/uploads\/2023\/06\/Cadiz-1.png 313w, https:\/\/grupos.us.es\/reinforced\/wp-content\/uploads\/2023\/06\/Cadiz-1-300x154.png 300w\" sizes=\"auto, (max-width: 313px) 100vw, 313px\" \/><\/figure>\n\n\n\n<p><strong>Nodo 9:<\/strong> Grupo Inteligencia Computacional Aplicada (GICAP), Departamento de Digitalizaci\u00f3n, Universidad de Burgos.<\/p>\n\n\n\n<ul class=\"wp-block-list\">\n<li><strong>Participantes:<\/strong> <em>Daniel Urda, Carlos Cambra.<\/em><\/li>\n<\/ul>\n\n\n\n<figure class=\"wp-block-image size-full is-resized\"><img loading=\"lazy\" decoding=\"async\" width=\"563\" height=\"230\" src=\"https:\/\/grupos.us.es\/reinforced\/wp-content\/uploads\/2023\/06\/Burgos.jpg\" alt=\"\" class=\"wp-image-151\" style=\"width:300px;height:undefinedpx\" srcset=\"https:\/\/grupos.us.es\/reinforced\/wp-content\/uploads\/2023\/06\/Burgos.jpg 563w, https:\/\/grupos.us.es\/reinforced\/wp-content\/uploads\/2023\/06\/Burgos-300x123.jpg 300w\" sizes=\"auto, (max-width: 563px) 100vw, 563px\" \/><\/figure>\n\n\n\n<p><strong>Nodo 10:<\/strong> Grupo Graphical Methods, Optimization, and Learning, Departamento de Ingenier\u00eda Inform\u00e1tica, Universidad de C\u00e1diz.<\/p>\n\n\n\n<ul class=\"wp-block-list\">\n<li><strong>Participantes:<\/strong> <em>Bernab\u00e9 Dorronsoro, Patricia Ruiz, Juan Carlos de la Torre.<\/em><\/li>\n<\/ul>\n\n\n\n<figure class=\"wp-block-image size-full\"><img loading=\"lazy\" decoding=\"async\" width=\"313\" height=\"161\" src=\"https:\/\/grupos.us.es\/reinforced\/wp-content\/uploads\/2023\/06\/Cadiz-2.png\" alt=\"\" class=\"wp-image-153\" srcset=\"https:\/\/grupos.us.es\/reinforced\/wp-content\/uploads\/2023\/06\/Cadiz-2.png 313w, https:\/\/grupos.us.es\/reinforced\/wp-content\/uploads\/2023\/06\/Cadiz-2-300x154.png 300w\" sizes=\"auto, (max-width: 313px) 100vw, 313px\" \/><\/figure>\n\n\n\n<p><strong>Nodo 11:<\/strong> Bioingenier\u00eda de residuos, ingenier\u00eda verde (RMN271), \u00e1rea de Ingenier\u00eda Qu\u00edmica, Universidad de C\u00f3rdoba.<\/p>\n\n\n\n<ul class=\"wp-block-list\">\n<li><strong>Participantes: <\/strong><em>M. \u00c1ngeles Mart\u00edn, Jos\u00e9 \u00c1ngel Siles, M. Carmen Guti\u00e9rrez, Arturo Chica, Fabiano Tavares.<\/em><\/li>\n<\/ul>\n\n\n\n<figure class=\"wp-block-image size-full is-resized\"><img loading=\"lazy\" decoding=\"async\" width=\"257\" height=\"196\" src=\"https:\/\/grupos.us.es\/reinforced\/wp-content\/uploads\/2023\/06\/Cordoba-1.png\" alt=\"\" class=\"wp-image-154\" style=\"width:230px;height:160px\"\/><\/figure>\n\n\n\n<p><strong>Nodo 12: <\/strong>Instituto Universitario de Microelectr\u00f3nica Aplicada (IUMA), Universidad de Las Palmas de Gran Canaria (ULPGC).<\/p>\n\n\n\n<ul class=\"wp-block-list\">\n<li><strong>Participantes:<\/strong> <em>Jos\u00e9 Fco. L\u00f3pez, \u00c1mbar P\u00e9rez, Emma Hern\u00e1ndez, Adri\u00e1n Rodr\u00edguez.<\/em><\/li>\n<\/ul>\n\n\n\n<figure class=\"wp-block-image size-large is-resized\"><img loading=\"lazy\" decoding=\"async\" width=\"1024\" height=\"535\" src=\"https:\/\/grupos.us.es\/reinforced\/wp-content\/uploads\/2023\/06\/UPalmas-1024x535.png\" alt=\"\" class=\"wp-image-158\" style=\"width:250px;height:undefinedpx\" srcset=\"https:\/\/grupos.us.es\/reinforced\/wp-content\/uploads\/2023\/06\/UPalmas-1024x535.png 1024w, https:\/\/grupos.us.es\/reinforced\/wp-content\/uploads\/2023\/06\/UPalmas-300x157.png 300w, https:\/\/grupos.us.es\/reinforced\/wp-content\/uploads\/2023\/06\/UPalmas-768x402.png 768w, https:\/\/grupos.us.es\/reinforced\/wp-content\/uploads\/2023\/06\/UPalmas.png 1199w\" sizes=\"auto, (max-width: 1024px) 100vw, 1024px\" \/><\/figure>\n\n\n\n<p><strong>Nodo 13:<\/strong> Ingenier\u00eda de Sistemas, Control, Automatizaci\u00f3n y Rob\u00f3tica (ISCAR).<\/p>\n\n\n\n<ul class=\"wp-block-list\">\n<li><strong>Participantes:<\/strong> <em>Eva Besada Portas, Jos\u00e9 Antonio L\u00f3pez Orozco, Jos\u00e9 Luis Risco Mart\u00edn<\/em><\/li>\n<\/ul>\n\n\n\n<figure class=\"wp-block-image size-full\"><img loading=\"lazy\" decoding=\"async\" width=\"320\" height=\"82\" src=\"https:\/\/grupos.us.es\/reinforced\/wp-content\/uploads\/2023\/07\/UCM.png\" alt=\"\" class=\"wp-image-183\" srcset=\"https:\/\/grupos.us.es\/reinforced\/wp-content\/uploads\/2023\/07\/UCM.png 320w, https:\/\/grupos.us.es\/reinforced\/wp-content\/uploads\/2023\/07\/UCM-300x77.png 300w\" sizes=\"auto, (max-width: 320px) 100vw, 320px\" \/><\/figure>\n\n\n\n<p><strong>Universidades extranjeras:<\/strong><\/p>\n\n\n\n<p><strong>Nodo 14:<\/strong> Laboratorio de Sistemas Distribuidos (LSD) de la Facultad de Facultad de Ingenier\u00eda de la Universidad Nacional de Asunci\u00f3n FIUNA (Paraguay).<\/p>\n\n\n\n<ul class=\"wp-block-list\">\n<li><strong>Participantes:<\/strong> <em>Derlis Gregor, Mario Arzamendia, Kevin Cikel.<\/em><\/li>\n<\/ul>\n\n\n\n<figure class=\"wp-block-image size-full is-resized\"><img loading=\"lazy\" decoding=\"async\" width=\"225\" height=\"225\" src=\"https:\/\/grupos.us.es\/reinforced\/wp-content\/uploads\/2023\/06\/UNA.jpg\" alt=\"\" class=\"wp-image-160\" style=\"width:170px;height:170px\" srcset=\"https:\/\/grupos.us.es\/reinforced\/wp-content\/uploads\/2023\/06\/UNA.jpg 225w, https:\/\/grupos.us.es\/reinforced\/wp-content\/uploads\/2023\/06\/UNA-150x150.jpg 150w\" sizes=\"auto, (max-width: 225px) 100vw, 225px\" \/><\/figure>\n\n\n\n<p><strong>Nodo 15:<\/strong> Laboratorio de Qu\u00edmica de la Facultad de Ingenier\u00eda y Dpto. de Ing. Industrial de la Universidad de Asunci\u00f3n (Paraguay).<\/p>\n\n\n\n<ul class=\"wp-block-list\">\n<li><strong>Participantes: <\/strong>Regina Le\u00f3n, Patricio Cuenca, Osvaldo Frutos, Monserrat Garc\u00eda.<\/li>\n<\/ul>\n\n\n\n<figure class=\"wp-block-image size-full is-resized\"><img loading=\"lazy\" decoding=\"async\" width=\"225\" height=\"225\" src=\"https:\/\/grupos.us.es\/reinforced\/wp-content\/uploads\/2023\/06\/UNA-1.jpg\" alt=\"\" class=\"wp-image-162\" style=\"width:170px;height:170px\" srcset=\"https:\/\/grupos.us.es\/reinforced\/wp-content\/uploads\/2023\/06\/UNA-1.jpg 225w, https:\/\/grupos.us.es\/reinforced\/wp-content\/uploads\/2023\/06\/UNA-1-150x150.jpg 150w\" sizes=\"auto, (max-width: 225px) 100vw, 225px\" \/><\/figure>\n\n\n\n<p><strong>Empresas participantes:<\/strong><\/p>\n\n\n\n<p><strong>Nodo 16: <\/strong>Libelium: https:\/\/www.libelium.com\/<\/p>\n\n\n\n<p class=\"has-text-align-left\"><img loading=\"lazy\" decoding=\"async\" width=\"125\" height=\"125\" class=\"wp-image-114\" style=\"width: 125px;\" src=\"https:\/\/grupos.us.es\/reinforced\/wp-content\/uploads\/2023\/06\/libelium.png\" alt=\"\" srcset=\"https:\/\/grupos.us.es\/reinforced\/wp-content\/uploads\/2023\/06\/libelium.png 166w, https:\/\/grupos.us.es\/reinforced\/wp-content\/uploads\/2023\/06\/libelium-150x150.png 150w\" sizes=\"auto, (max-width: 125px) 100vw, 125px\" \/><\/p>\n\n\n\n<p><strong>Nodo 17:<\/strong> AgroAir: https:\/\/agroair.es\/<\/p>\n\n\n\n<figure class=\"wp-block-image size-large is-resized\"><img loading=\"lazy\" decoding=\"async\" width=\"1024\" height=\"439\" src=\"https:\/\/grupos.us.es\/reinforced\/wp-content\/uploads\/2023\/06\/Agroair-1024x439.png\" alt=\"\" class=\"wp-image-115\" style=\"width:220px;height:100px\" srcset=\"https:\/\/grupos.us.es\/reinforced\/wp-content\/uploads\/2023\/06\/Agroair-1024x439.png 1024w, https:\/\/grupos.us.es\/reinforced\/wp-content\/uploads\/2023\/06\/Agroair-300x129.png 300w, https:\/\/grupos.us.es\/reinforced\/wp-content\/uploads\/2023\/06\/Agroair-768x329.png 768w, https:\/\/grupos.us.es\/reinforced\/wp-content\/uploads\/2023\/06\/Agroair-1536x659.png 1536w, https:\/\/grupos.us.es\/reinforced\/wp-content\/uploads\/2023\/06\/Agroair.png 1861w\" sizes=\"auto, (max-width: 1024px) 100vw, 1024px\" \/><\/figure>\n\n\n\n<p><strong>Nodo 18: <\/strong>Tumirobotics.<\/p>\n\n\n\n<figure class=\"wp-block-image size-full is-resized\"><img loading=\"lazy\" decoding=\"async\" width=\"410\" height=\"120\" src=\"https:\/\/grupos.us.es\/reinforced\/wp-content\/uploads\/2023\/06\/tumi.png\" alt=\"\" class=\"wp-image-119\" style=\"width:230px;height:undefinedpx\" srcset=\"https:\/\/grupos.us.es\/reinforced\/wp-content\/uploads\/2023\/06\/tumi.png 410w, https:\/\/grupos.us.es\/reinforced\/wp-content\/uploads\/2023\/06\/tumi-300x88.png 300w\" sizes=\"auto, (max-width: 410px) 100vw, 410px\" \/><\/figure>\n\n\n\n<p><strong>Nodo 19:<\/strong> Andalu-sea.<\/p>\n\n\n\n<figure class=\"wp-block-image size-full is-resized\"><img loading=\"lazy\" decoding=\"async\" width=\"249\" height=\"142\" src=\"https:\/\/grupos.us.es\/reinforced\/wp-content\/uploads\/2023\/06\/logo-andalusea-azul-fondo-tranparente-3.png\" alt=\"\" class=\"wp-image-117\" style=\"width:220px;height:undefinedpx\"\/><\/figure>\n\n\n\n<p><strong>Nodo 20: <\/strong>Artificial Intelligence and Complex Systems Laboratory S.R.L (ArtICS Lab).<\/p>\n\n\n\n<figure class=\"wp-block-image size-large is-resized\"><img loading=\"lazy\" decoding=\"async\" width=\"1024\" height=\"330\" src=\"https:\/\/grupos.us.es\/reinforced\/wp-content\/uploads\/2023\/06\/logosrl-1024x330.png\" alt=\"\" class=\"wp-image-168\" style=\"width:260px;height:undefinedpx\" srcset=\"https:\/\/grupos.us.es\/reinforced\/wp-content\/uploads\/2023\/06\/logosrl-1024x330.png 1024w, https:\/\/grupos.us.es\/reinforced\/wp-content\/uploads\/2023\/06\/logosrl-300x97.png 300w, https:\/\/grupos.us.es\/reinforced\/wp-content\/uploads\/2023\/06\/logosrl-768x247.png 768w, https:\/\/grupos.us.es\/reinforced\/wp-content\/uploads\/2023\/06\/logosrl.png 1327w\" sizes=\"auto, (max-width: 1024px) 100vw, 1024px\" \/><\/figure>\n\n\n\n<p><strong>Nodo 21: <\/strong>Fundaci\u00f3n Ayesa.<\/p>\n\n\n\n<figure class=\"wp-block-image size-full is-resized\"><img loading=\"lazy\" decoding=\"async\" width=\"294\" height=\"86\" src=\"https:\/\/grupos.us.es\/reinforced\/wp-content\/uploads\/2023\/06\/FA.png\" alt=\"\" class=\"wp-image-121\" style=\"width:220px;height:undefinedpx\"\/><\/figure>\n\n\n\n<p><strong>Nodo 22:<\/strong> Instituto de Ciencias Marinas de Andaluc\u00eda, Consejo Superior de Investigaciones Cient\u00edficas (CSIF).<\/p>\n\n\n\n<ul class=\"wp-block-list\">\n<li><strong>Participantes:<em> <\/em><\/strong><em>Juli\u00e1n Blasco.<\/em><\/li>\n<\/ul>\n\n\n\n<figure class=\"wp-block-image size-medium\"><img loading=\"lazy\" decoding=\"async\" width=\"300\" height=\"73\" src=\"https:\/\/grupos.us.es\/reinforced\/wp-content\/uploads\/2023\/11\/CSIF-300x73.png\" alt=\"\" class=\"wp-image-226\" srcset=\"https:\/\/grupos.us.es\/reinforced\/wp-content\/uploads\/2023\/11\/CSIF-300x73.png 300w, https:\/\/grupos.us.es\/reinforced\/wp-content\/uploads\/2023\/11\/CSIF-1024x251.png 1024w, https:\/\/grupos.us.es\/reinforced\/wp-content\/uploads\/2023\/11\/CSIF-768x188.png 768w, https:\/\/grupos.us.es\/reinforced\/wp-content\/uploads\/2023\/11\/CSIF-1536x376.png 1536w, https:\/\/grupos.us.es\/reinforced\/wp-content\/uploads\/2023\/11\/CSIF-2048x502.png 2048w\" sizes=\"auto, (max-width: 300px) 100vw, 300px\" \/><\/figure>\n\n\n\n<p><strong>Nodo 23:<\/strong> Plataformas anal\u00edticas de respuesta r\u00e1pida (FQM303), Universidad de C\u00f3rdoba.<\/p>\n\n\n\n<ul class=\"wp-block-list\">\n<li><strong>Participantes:<\/strong> &nbsp;M\u00aa Paz Aguilar, Juan Manuel Fern\u00e1ndez Romero,  \u00c1ngela \u00c9cija Arenas<\/li>\n<\/ul>\n\n\n\n<figure class=\"wp-block-image size-full\"><img loading=\"lazy\" decoding=\"async\" width=\"257\" height=\"196\" src=\"https:\/\/grupos.us.es\/reinforced\/wp-content\/uploads\/2023\/11\/Cordoba.png\" alt=\"\" class=\"wp-image-238\"\/><\/figure>\n\n\n\n<p><strong>Nodo 24:<\/strong> Qu\u00edmica de compuestos laminares (FQM-214), Universidad de C\u00f3rdoba.<\/p>\n\n\n\n<ul class=\"wp-block-list\">\n<li><strong>Participantes: <\/strong>Fabiano Tavares<\/li>\n<\/ul>\n\n\n\n<figure class=\"wp-block-gallery has-nested-images columns-default is-cropped wp-block-gallery-1 is-layout-flex wp-block-gallery-is-layout-flex\"><\/figure>\n\n\n\n<p><strong>Nodo 25:<\/strong> Facultad de Ciencias y Tecnolog\u00eda, Universidad Cat\u00f3lica Nuestra Se\u00f1ora de la Asunci\u00f3n, Campus Alto Paran\u00e1 (Paraguay).<\/p>\n\n\n\n<ul class=\"wp-block-list\">\n<li><strong>Participantes: <\/strong>Micaela Jara, Ariel Bogado, Gregorio Ariel Guerrero, Paulo Melgarejo, Diego Galeano, Pedro Gardel, Cristhian Mallorqu\u00edn, Arturo Fern\u00e1ndez. <\/li>\n<\/ul>\n","protected":false},"excerpt":{"rendered":"<p>Nodo 1: Grupo Investigaci\u00f3n ACETI, Departamento de Ingenier\u00eda Electr\u00f3nica, Universidad de Sevilla. Nodo 2: Grupo Investigaci\u00f3n ODS, Departamento de Ingenier\u00eda, Universidad Loyola Andaluc\u00eda. Nodo 3: Departamento en Ingenier\u00eda Electr\u00f3nica, Sistemas Inform\u00e1ticos y Autom\u00e1tica. Universidad de Huelva. Nodo 4: Grupo Investigaci\u00f3n ACETI, Departamento de Ingenier\u00eda El\u00e9ctrica, Universidad de M\u00e1laga. Nodo 5: Departamento de Ingenier\u00eda Mec\u00e1nica, Universidad [&hellip;]<\/p>\n","protected":false},"author":1,"featured_media":0,"parent":0,"menu_order":0,"comment_status":"closed","ping_status":"closed","template":"","meta":{"footnotes":""},"class_list":["post-23","page","type-page","status-publish","hentry"],"_links":{"self":[{"href":"https:\/\/grupos.us.es\/reinforced\/wp-json\/wp\/v2\/pages\/23","targetHints":{"allow":["GET"]}}],"collection":[{"href":"https:\/\/grupos.us.es\/reinforced\/wp-json\/wp\/v2\/pages"}],"about":[{"href":"https:\/\/grupos.us.es\/reinforced\/wp-json\/wp\/v2\/types\/page"}],"author":[{"embeddable":true,"href":"https:\/\/grupos.us.es\/reinforced\/wp-json\/wp\/v2\/users\/1"}],"replies":[{"embeddable":true,"href":"https:\/\/grupos.us.es\/reinforced\/wp-json\/wp\/v2\/comments?post=23"}],"version-history":[{"count":42,"href":"https:\/\/grupos.us.es\/reinforced\/wp-json\/wp\/v2\/pages\/23\/revisions"}],"predecessor-version":[{"id":246,"href":"https:\/\/grupos.us.es\/reinforced\/wp-json\/wp\/v2\/pages\/23\/revisions\/246"}],"wp:attachment":[{"href":"https:\/\/grupos.us.es\/reinforced\/wp-json\/wp\/v2\/media?parent=23"}],"curies":[{"name":"wp","href":"https:\/\/api.w.org\/{rel}","templated":true}]}}