{"id":21,"date":"2023-06-16T15:21:41","date_gmt":"2023-06-16T15:21:41","guid":{"rendered":"https:\/\/grupos.us.es\/reinforced\/?page_id=21"},"modified":"2023-07-14T08:49:21","modified_gmt":"2023-07-14T08:49:21","slug":"eventos","status":"publish","type":"page","link":"https:\/\/grupos.us.es\/reinforced\/eventos\/","title":{"rendered":"Eventos"},"content":{"rendered":"\n<p>Lunes 3 julio de 2023: Evento de presentaci\u00f3n de la red. Evento online a trav\u00e9s de Class Collaborate Ultra. Solicitar enlace al coordinadores de la red: Daniel Guti\u00e9rrez<\/p>\n\n\n\n<p> <\/p>\n\n\n\n<figure class=\"wp-block-image size-large is-resized\"><img loading=\"lazy\" decoding=\"async\" src=\"https:\/\/grupos.us.es\/reinforced\/wp-content\/uploads\/2023\/07\/presentacion_red_evento-1024x629.jpg\" alt=\"\" class=\"wp-image-187\" width=\"600\" height=\"400\"\/><\/figure>\n","protected":false},"excerpt":{"rendered":"<p>Lunes 3 julio de 2023: Evento de presentaci\u00f3n de la red. Evento online a trav\u00e9s de Class Collaborate Ultra. Solicitar enlace al coordinadores de la red: Daniel Guti\u00e9rrez<\/p>\n","protected":false},"author":1,"featured_media":0,"parent":0,"menu_order":0,"comment_status":"closed","ping_status":"closed","template":"","meta":{"footnotes":""},"class_list":["post-21","page","type-page","status-publish","hentry"],"_links":{"self":[{"href":"https:\/\/grupos.us.es\/reinforced\/wp-json\/wp\/v2\/pages\/21","targetHints":{"allow":["GET"]}}],"collection":[{"href":"https:\/\/grupos.us.es\/reinforced\/wp-json\/wp\/v2\/pages"}],"about":[{"href":"https:\/\/grupos.us.es\/reinforced\/wp-json\/wp\/v2\/types\/page"}],"author":[{"embeddable":true,"href":"https:\/\/grupos.us.es\/reinforced\/wp-json\/wp\/v2\/users\/1"}],"replies":[{"embeddable":true,"href":"https:\/\/grupos.us.es\/reinforced\/wp-json\/wp\/v2\/comments?post=21"}],"version-history":[{"count":5,"href":"https:\/\/grupos.us.es\/reinforced\/wp-json\/wp\/v2\/pages\/21\/revisions"}],"predecessor-version":[{"id":188,"href":"https:\/\/grupos.us.es\/reinforced\/wp-json\/wp\/v2\/pages\/21\/revisions\/188"}],"wp:attachment":[{"href":"https:\/\/grupos.us.es\/reinforced\/wp-json\/wp\/v2\/media?parent=21"}],"curies":[{"name":"wp","href":"https:\/\/api.w.org\/{rel}","templated":true}]}}