{"id":79,"date":"2021-02-08T12:50:25","date_gmt":"2021-02-08T12:50:25","guid":{"rendered":"http:\/\/grupos.us.es\/habier\/?page_id=79"},"modified":"2021-02-19T18:22:31","modified_gmt":"2021-02-19T18:22:31","slug":"licencia-cc","status":"publish","type":"page","link":"https:\/\/grupos.us.es\/habier\/contacto\/licencia-cc\/","title":{"rendered":"Licencia CC"},"content":{"rendered":"\n<h2 class=\"wp-block-heading\">Licencia de uso, reproducci\u00f3n y modificaci\u00f3n<\/h2>\n\n\n\n<p>El acceso a los materiales de esta p\u00e1gina es libre y gratuito,&nbsp;gui\u00e1ndose por&nbsp;una licencia&nbsp;<a href=\"http:\/\/es.creativecommons.org\/licencia\/\" target=\"_blank\" rel=\"noreferrer noopener\">Creative Commons<\/a>&nbsp;(salvo que se indique lo contrario).<\/p>\n\n\n\n<p>Esto significa que es posible usar nuestros contenidos en nuevos trabajos<strong>&nbsp;siempre que se cite la fuente<\/strong>&nbsp;(autor y p\u00e1gina),&nbsp;<strong>no se utilice con fines comerciales<\/strong>&nbsp;y que el nuevo material sea&nbsp;<strong>compartido a su vez con una licencia id\u00e9ntica<\/strong>.<\/p>\n\n\n\n<div class=\"wp-block-image\"><figure class=\"aligncenter\"><img decoding=\"async\" src=\"http:\/\/institucional.us.es\/iaaensevilla\/wp-content\/uploads\/2015\/07\/cclogo.jpg\" alt=\"cclogo\" class=\"wp-image-309\"\/><\/figure><\/div>\n\n\n\n<p>La licencia&nbsp;<em>Creative Commons<\/em>&nbsp;permite el acceso gratuito a gran cantidad de contenidos en la red, pero en ning\u00fan momento significa que los autores renuncien a sus derechos. Si deseas utilizar los materiales de otra manera, por favor,&nbsp;<a href=\"https:\/\/grupos.us.es\/habier\/contacto\/\" data-type=\"page\" data-id=\"36\" target=\"_blank\" rel=\"noreferrer noopener\">contacta previamente con&nbsp;nosotros<\/a>.<\/p>\n","protected":false},"excerpt":{"rendered":"<p>Licencia de uso, reproducci\u00f3n y modificaci\u00f3n El acceso a los materiales de esta p\u00e1gina es libre y gratuito,&nbsp;gui\u00e1ndose por&nbsp;una licencia&nbsp;Creative Commons&nbsp;(salvo que se indique lo contrario). Esto significa que es posible usar nuestros contenidos en nuevos trabajos&nbsp;siempre que se cite la fuente&nbsp;(autor y p\u00e1gina),&nbsp;no se utilice con fines comerciales&nbsp;y que el nuevo material sea&nbsp;compartido a &hellip; <a href=\"https:\/\/grupos.us.es\/habier\/contacto\/licencia-cc\/\" class=\"more-link\">Seguir leyendo <span class=\"screen-reader-text\">Licencia CC<\/span> <span class=\"meta-nav\">&rarr;<\/span><\/a><\/p>\n","protected":false},"author":1,"featured_media":0,"parent":36,"menu_order":0,"comment_status":"closed","ping_status":"closed","template":"","meta":{"iawp_total_views":5,"footnotes":""},"categories":[],"tags":[36],"class_list":["post-79","page","type-page","status-publish","hentry","tag-creative-commons"],"_links":{"self":[{"href":"https:\/\/grupos.us.es\/habier\/wp-json\/wp\/v2\/pages\/79","targetHints":{"allow":["GET"]}}],"collection":[{"href":"https:\/\/grupos.us.es\/habier\/wp-json\/wp\/v2\/pages"}],"about":[{"href":"https:\/\/grupos.us.es\/habier\/wp-json\/wp\/v2\/types\/page"}],"author":[{"embeddable":true,"href":"https:\/\/grupos.us.es\/habier\/wp-json\/wp\/v2\/users\/1"}],"replies":[{"embeddable":true,"href":"https:\/\/grupos.us.es\/habier\/wp-json\/wp\/v2\/comments?post=79"}],"version-history":[{"count":2,"href":"https:\/\/grupos.us.es\/habier\/wp-json\/wp\/v2\/pages\/79\/revisions"}],"predecessor-version":[{"id":81,"href":"https:\/\/grupos.us.es\/habier\/wp-json\/wp\/v2\/pages\/79\/revisions\/81"}],"up":[{"embeddable":true,"href":"https:\/\/grupos.us.es\/habier\/wp-json\/wp\/v2\/pages\/36"}],"wp:attachment":[{"href":"https:\/\/grupos.us.es\/habier\/wp-json\/wp\/v2\/media?parent=79"}],"wp:term":[{"taxonomy":"category","embeddable":true,"href":"https:\/\/grupos.us.es\/habier\/wp-json\/wp\/v2\/categories?post=79"},{"taxonomy":"post_tag","embeddable":true,"href":"https:\/\/grupos.us.es\/habier\/wp-json\/wp\/v2\/tags?post=79"}],"curies":[{"name":"wp","href":"https:\/\/api.w.org\/{rel}","templated":true}]}}