{"id":2979,"date":"2025-12-18T10:32:59","date_gmt":"2025-12-18T10:32:59","guid":{"rendered":"https:\/\/grupos.us.es\/habier\/?page_id=2979"},"modified":"2025-12-18T10:32:59","modified_gmt":"2025-12-18T10:32:59","slug":"duelo-por-animales-de-compania","status":"publish","type":"page","link":"https:\/\/grupos.us.es\/habier\/investigacion\/duelo-por-animales-de-compania\/","title":{"rendered":"Duelo por animales de compa\u00f1\u00eda"},"content":{"rendered":"\n<p>Las familias multiespecie experimentan la p\u00e9rdida de animales de compa\u00f1\u00eda con relativa frecuencia. Perros, gatos, conejos y otros animales tienen una esperanza de vida notablemente inferior a la de los seres humanos, por lo que las personas que disfrutan de la convivencia con otras especies suelen afrontar el duelo por animales de compa\u00f1\u00eda varias veces a lo largo de la vida.<\/p>\n\n\n\n<p>A pesar de que la sensibilidad hacia esta p\u00e9rdida ha crecido en las \u00faltimas d\u00e9cadas, el duelo por animales de compa\u00f1\u00eda sigue estando lejos de ser plenamente reconocido. A\u00fan es frecuente encontrar que muchas personas tienden al aislamiento como v\u00eda de protecci\u00f3n ante comentarios que, si bien pueden ser bienintencionados, pueden conllevar una presi\u00f3n extra sobre la familia. Esto puede ser incluso m\u00e1s intenso para las personas que trabajan con animales, como el personal de entidades protectoras o los profesionales de la veterinaria. <\/p>\n\n\n\n<p>Por ello, estamos desarrollando varios proyectos en torno al duelo por animales de compa\u00f1\u00eda. Espec\u00edficamente, nos enfocamos hacia la evaluaci\u00f3n del fen\u00f3meno, el an\u00e1lisis de las variables que pueden facilitar o dificultar el tr\u00e1nsito, y el desarrollo de intervenciones preventivas y secundarias para ayudar al mejor afrontamiento de la muerte de animales de compa\u00f1\u00eda.<\/p>\n\n\n\n<p>Puedes ver un resumen de la l\u00ednea de trabajo en la siguiente conferencia, organizada por la Red de Estudios del Final de la Vida (RedEOL) en diciembre de 2025.<\/p>\n\n\n\n<figure class=\"wp-block-embed is-type-video is-provider-youtube wp-block-embed-youtube wp-embed-aspect-16-9 wp-has-aspect-ratio\"><div class=\"wp-block-embed__wrapper\">\n<iframe loading=\"lazy\" title=\"Conferencia Javier L\u00f3pez Cepero Duelo por animales de Compa\u00f1\u00eda\" width=\"604\" height=\"340\" src=\"https:\/\/www.youtube.com\/embed\/J5vsxiyyiuA?feature=oembed\" frameborder=\"0\" allow=\"accelerometer; autoplay; clipboard-write; encrypted-media; gyroscope; picture-in-picture; web-share\" referrerpolicy=\"strict-origin-when-cross-origin\" allowfullscreen><\/iframe>\n<\/div><\/figure>\n\n\n\n<h2 class=\"wp-block-heading\">Referencias:<\/h2>\n\n\n\n<ol class=\"wp-block-list\">\n<li>L\u00f3pez-Cepero, J., Ferrer, M., Mori, M., &amp; Espa\u00f1ol, A. (2024). Companion animal bereavement: Psychometric properties of the Spanish version of the Pet Bereavement Questionnaire. <em>Death Studies<\/em>, 1-7. <a href=\"https:\/\/doi.org\/10.1080\/07481187.2024.2363477\">https:\/\/doi.org\/10.1080\/07481187.2024.2363477<\/a><\/li>\n\n\n\n<li>L\u00f3pez-Cepero, J., Garcia-Mart\u00ednez, J., Martos-Montes, R., &amp; Rivera, F. (2024). Bereavement for companion animals: Intensity, moderating variables, and effects on wellbeing. <em>Journal of Loss and Trauma<\/em>. <a href=\"https:\/\/doi.org\/10.1080\/15325024.2024.2324284\">https:\/\/doi.org\/10.1080\/15325024.2024.2324284<\/a><\/li>\n\n\n\n<li>L\u00f3pez-Cepero, J., Ferrer, M., Mori, M. y Espa\u00f1ol, A. (2024). Duelo por animales de compa\u00f1\u00eda: Cualidades psicom\u00e9tricas de la versi\u00f3n espa\u00f1ola del Pet Bereavement Questionnaire (PBQ). Comunicaci\u00f3n presentada a la XVIII Conferencia de Metodolog\u00eda de las Ciencias Sociales y de la Salud. Universidad de Sevilla, Espa\u00f1a. <a href=\"https:\/\/doi.org\/10.13140\/RG.2.2.13102.52804\">https:\/\/doi.org\/10.13140\/RG.2.2.13102.52804<\/a><\/li>\n<\/ol>\n","protected":false},"excerpt":{"rendered":"<p>Las familias multiespecie experimentan la p\u00e9rdida de animales de compa\u00f1\u00eda con relativa frecuencia. Perros, gatos, conejos y otros animales tienen una esperanza de vida notablemente inferior a la de los seres humanos, por lo que las personas que disfrutan de la convivencia con otras especies suelen afrontar el duelo por animales de compa\u00f1\u00eda varias veces &hellip; <a href=\"https:\/\/grupos.us.es\/habier\/investigacion\/duelo-por-animales-de-compania\/\" class=\"more-link\">Seguir leyendo <span class=\"screen-reader-text\">Duelo por animales de compa\u00f1\u00eda<\/span> <span class=\"meta-nav\">&rarr;<\/span><\/a><\/p>\n","protected":false},"author":1,"featured_media":0,"parent":16,"menu_order":0,"comment_status":"closed","ping_status":"closed","template":"","meta":{"iawp_total_views":22,"footnotes":""},"categories":[],"tags":[258],"class_list":["post-2979","page","type-page","status-publish","hentry","tag-duelo-por-animales-de-compania"],"_links":{"self":[{"href":"https:\/\/grupos.us.es\/habier\/wp-json\/wp\/v2\/pages\/2979","targetHints":{"allow":["GET"]}}],"collection":[{"href":"https:\/\/grupos.us.es\/habier\/wp-json\/wp\/v2\/pages"}],"about":[{"href":"https:\/\/grupos.us.es\/habier\/wp-json\/wp\/v2\/types\/page"}],"author":[{"embeddable":true,"href":"https:\/\/grupos.us.es\/habier\/wp-json\/wp\/v2\/users\/1"}],"replies":[{"embeddable":true,"href":"https:\/\/grupos.us.es\/habier\/wp-json\/wp\/v2\/comments?post=2979"}],"version-history":[{"count":1,"href":"https:\/\/grupos.us.es\/habier\/wp-json\/wp\/v2\/pages\/2979\/revisions"}],"predecessor-version":[{"id":2980,"href":"https:\/\/grupos.us.es\/habier\/wp-json\/wp\/v2\/pages\/2979\/revisions\/2980"}],"up":[{"embeddable":true,"href":"https:\/\/grupos.us.es\/habier\/wp-json\/wp\/v2\/pages\/16"}],"wp:attachment":[{"href":"https:\/\/grupos.us.es\/habier\/wp-json\/wp\/v2\/media?parent=2979"}],"wp:term":[{"taxonomy":"category","embeddable":true,"href":"https:\/\/grupos.us.es\/habier\/wp-json\/wp\/v2\/categories?post=2979"},{"taxonomy":"post_tag","embeddable":true,"href":"https:\/\/grupos.us.es\/habier\/wp-json\/wp\/v2\/tags?post=2979"}],"curies":[{"name":"wp","href":"https:\/\/api.w.org\/{rel}","templated":true}]}}