{"id":241,"date":"2021-02-12T19:09:05","date_gmt":"2021-02-12T19:09:05","guid":{"rendered":"http:\/\/grupos.us.es\/habier\/?page_id=241"},"modified":"2021-06-02T19:49:31","modified_gmt":"2021-06-02T19:49:31","slug":"universidad-de-jaen","status":"publish","type":"page","link":"https:\/\/grupos.us.es\/habier\/inicio\/colaboraciones\/universidad-de-jaen\/","title":{"rendered":"Universidad de Ja\u00e9n"},"content":{"rendered":"\n<p><strong>Dr. Rafael Martos Montes<\/strong><\/p>\n\n\n\n<div class=\"wp-block-image\"><figure class=\"alignleft size-large is-resized\"><img loading=\"lazy\" decoding=\"async\" src=\"https:\/\/grupos.us.es\/habier\/wp-content\/uploads\/2021\/06\/Rafael-Martos-edited.jpg\" alt=\"\" class=\"wp-image-315\" width=\"225\" height=\"168\"\/><\/figure><\/div>\n\n\n\n<p>Profesor Titular de Universidad y Director del&nbsp;<a rel=\"noreferrer noopener\" href=\"https:\/\/www.ujaen.es\/departamentos\/psicol\/\" target=\"_blank\">Departamento de Psicolog\u00eda<\/a>&nbsp;de la Universidad de Ja\u00e9n (Espa\u00f1a). Co-director del&nbsp;<a rel=\"noreferrer noopener\" href=\"https:\/\/www.ujaen.es\/estudios\/oferta-academica\/masteres\/master-interuniversitario-en-intervencion-asistida-con-animales-uja-unia#presentacion\" target=\"_blank\">M\u00e1ster Oficial en Intervenci\u00f3n Asistida con Animales<\/a>&nbsp;de las Universidades de Ja\u00e9n (UJA) e Internacional de Andaluc\u00eda (UNIA). Miembro de la C\u00e1tedra&nbsp;<a rel=\"noreferrer noopener\" href=\"https:\/\/catedraanimalesysociedad.org\/\" target=\"_blank\">Animales y Sociedad<\/a>&nbsp;de la Universidad Rey Juan Carlos. Promotor de la Empresa Basada en el Conocimiento (spin-off) de la Universidad de Ja\u00e9n&nbsp;<a rel=\"noreferrer noopener\" href=\"http:\/\/emoe.es\/\" target=\"_blank\">Emo-\u00e9: Inteligencia&nbsp;Emocional<\/a>.<\/p>\n\n\n\n<p><\/p>\n\n\n\n<p><strong>D. David Ord\u00f3\u00f1ez P\u00e9rez<\/strong><\/p>\n\n\n\n<div class=\"wp-block-image is-style-default\"><figure class=\"alignleft size-medium is-resized\"><img loading=\"lazy\" decoding=\"async\" src=\"https:\/\/grupos.us.es\/habier\/wp-content\/uploads\/2021\/06\/David-Ordonez-y-Dune-edited-300x225.jpg\" alt=\"\" class=\"wp-image-317\" width=\"225\" height=\"169\" srcset=\"https:\/\/grupos.us.es\/habier\/wp-content\/uploads\/2021\/06\/David-Ordonez-y-Dune-edited-300x225.jpg 300w, https:\/\/grupos.us.es\/habier\/wp-content\/uploads\/2021\/06\/David-Ordonez-y-Dune-edited-1024x768.jpg 1024w, https:\/\/grupos.us.es\/habier\/wp-content\/uploads\/2021\/06\/David-Ordonez-y-Dune-edited-768x576.jpg 768w, https:\/\/grupos.us.es\/habier\/wp-content\/uploads\/2021\/06\/David-Ordonez-y-Dune-edited-1536x1152.jpg 1536w, https:\/\/grupos.us.es\/habier\/wp-content\/uploads\/2021\/06\/David-Ordonez-y-Dune-edited.jpg 1941w\" sizes=\"auto, (max-width: 225px) 100vw, 225px\" \/><\/figure><\/div>\n\n\n\n<p>Fundador y CEO de&nbsp;<a rel=\"noreferrer noopener\" href=\"http:\/\/www.perruneando.com\/\" target=\"_blank\">Perruneando Espa\u00f1a<\/a>&nbsp;\u2013 Educaci\u00f3n Canina e Intervenciones Asistidas con Perros. Coordinador y docente del&nbsp;<a rel=\"noreferrer noopener\" href=\"https:\/\/www.ujaen.es\/estudios\/oferta-academica\/masteres\/master-interuniversitario-en-intervencion-asistida-con-animales-uja-unia\" target=\"_blank\">M\u00e1ster Universitario en Intervenci\u00f3n Asistida con Animales<\/a>&nbsp;de la Universidad de Ja\u00e9n y la Universidad Internacional de Andaluc\u00eda. Colaborador de la C\u00e1tedra Animales y Sociedad de la Universidad Rey Juan Carlos de Madrid. Asesor y evaluador homologado por la Junta de Andaluc\u00eda de la Cualificaci\u00f3n Profesional: Adiestramiento de Base y Educaci\u00f3n Canina SEA531_2<\/p>\n","protected":false},"excerpt":{"rendered":"<p>Dr. Rafael Martos Montes Profesor Titular de Universidad y Director del&nbsp;Departamento de Psicolog\u00eda&nbsp;de la Universidad de Ja\u00e9n (Espa\u00f1a). Co-director del&nbsp;M\u00e1ster Oficial en Intervenci\u00f3n Asistida con Animales&nbsp;de las Universidades de Ja\u00e9n (UJA) e Internacional de Andaluc\u00eda (UNIA). Miembro de la C\u00e1tedra&nbsp;Animales y Sociedad&nbsp;de la Universidad Rey Juan Carlos. Promotor de la Empresa Basada en el Conocimiento &hellip; <a href=\"https:\/\/grupos.us.es\/habier\/inicio\/colaboraciones\/universidad-de-jaen\/\" class=\"more-link\">Seguir leyendo <span class=\"screen-reader-text\">Universidad de Ja\u00e9n<\/span> <span class=\"meta-nav\">&rarr;<\/span><\/a><\/p>\n","protected":false},"author":1,"featured_media":0,"parent":202,"menu_order":2,"comment_status":"closed","ping_status":"closed","template":"","meta":{"iawp_total_views":4,"footnotes":""},"categories":[],"tags":[8,10],"class_list":["post-241","page","type-page","status-publish","hentry","tag-universidad-de-jaen","tag-universidad-internacional-de-andalucia-unia"],"_links":{"self":[{"href":"https:\/\/grupos.us.es\/habier\/wp-json\/wp\/v2\/pages\/241","targetHints":{"allow":["GET"]}}],"collection":[{"href":"https:\/\/grupos.us.es\/habier\/wp-json\/wp\/v2\/pages"}],"about":[{"href":"https:\/\/grupos.us.es\/habier\/wp-json\/wp\/v2\/types\/page"}],"author":[{"embeddable":true,"href":"https:\/\/grupos.us.es\/habier\/wp-json\/wp\/v2\/users\/1"}],"replies":[{"embeddable":true,"href":"https:\/\/grupos.us.es\/habier\/wp-json\/wp\/v2\/comments?post=241"}],"version-history":[{"count":5,"href":"https:\/\/grupos.us.es\/habier\/wp-json\/wp\/v2\/pages\/241\/revisions"}],"predecessor-version":[{"id":319,"href":"https:\/\/grupos.us.es\/habier\/wp-json\/wp\/v2\/pages\/241\/revisions\/319"}],"up":[{"embeddable":true,"href":"https:\/\/grupos.us.es\/habier\/wp-json\/wp\/v2\/pages\/202"}],"wp:attachment":[{"href":"https:\/\/grupos.us.es\/habier\/wp-json\/wp\/v2\/media?parent=241"}],"wp:term":[{"taxonomy":"category","embeddable":true,"href":"https:\/\/grupos.us.es\/habier\/wp-json\/wp\/v2\/categories?post=241"},{"taxonomy":"post_tag","embeddable":true,"href":"https:\/\/grupos.us.es\/habier\/wp-json\/wp\/v2\/tags?post=241"}],"curies":[{"name":"wp","href":"https:\/\/api.w.org\/{rel}","templated":true}]}}