{"id":230,"date":"2021-02-12T10:49:47","date_gmt":"2021-02-12T10:49:47","guid":{"rendered":"http:\/\/grupos.us.es\/habier\/?page_id=230"},"modified":"2021-02-12T10:49:47","modified_gmt":"2021-02-12T10:49:47","slug":"objetivos","status":"publish","type":"page","link":"https:\/\/grupos.us.es\/habier\/inicio\/objetivos\/","title":{"rendered":"Objetivos"},"content":{"rendered":"\n<p>HABIER nace con cinco grandes objetivos:<\/p>\n\n\n\n<ol class=\"wp-block-list\"><li><a rel=\"noreferrer noopener\" href=\"https:\/\/grupos.us.es\/habier\/investigacion\/\" data-type=\"page\" data-id=\"16\" target=\"_blank\">Investigar<\/a>: El desarrollo del conocimiento es el primer paso para poder mejorar las vidas de las comunidades. Por ello, la web dar\u00e1 visibilidad a distintas iniciativas que se desarrollan, total o parcialmente, en la Facultad de Psicolog\u00eda de la U. Sevilla. Si quieres saber m\u00e1s, o si <strong>te interesa participar en alguna investigaci\u00f3n<\/strong>, aqu\u00ed encontrar\u00e1s toda la informaci\u00f3n<\/li><li><a rel=\"noreferrer noopener\" href=\"https:\/\/grupos.us.es\/habier\/formacion\/\" data-type=\"page\" data-id=\"10\" target=\"_blank\">Formar<\/a>: Divulgar informaci\u00f3n actualizada y basada en la evidencia sobre el v\u00ednculo humano-animal, sus efectos, y sus aplicaciones en contextos profesionales permite ofrecer un retorno a la sociedad desde la investigaci\u00f3n. La web recoge informaci\u00f3n sobre <a rel=\"noreferrer noopener\" href=\"https:\/\/grupos.us.es\/habier\/formacion\/cursos-vigentes\/\" data-type=\"page\" data-id=\"85\" target=\"_blank\">cursos actuales<\/a> y <a rel=\"noreferrer noopener\" href=\"https:\/\/grupos.us.es\/habier\/formacion\/cursos-finalizados\/\" data-type=\"page\" data-id=\"86\" target=\"_blank\">pasados<\/a>. <\/li><li><a rel=\"noreferrer noopener\" href=\"https:\/\/grupos.us.es\/habier\/intervenciones\/\" data-type=\"page\" data-id=\"12\" target=\"_blank\">Intervenir<\/a>: Aprovechar los beneficios de la interacci\u00f3n humano-animal para mejorar la vida de humanos y no humanos permite tender un puente entre el conocimiento cient\u00edfico y el impacto social. En este ep\u00edgrafe se describe parte de las actuaciones que nuestro equipo ha desarrollado a lo largo de los a\u00f1os, y encontrar\u00e1s informaci\u00f3n sobre <a rel=\"noreferrer noopener\" href=\"https:\/\/grupos.us.es\/habier\/intervenciones\/que-son-iaa\/definiciones-iaa\/\" data-type=\"page\" data-id=\"75\" target=\"_blank\">definiciones<\/a>, <a rel=\"noreferrer noopener\" href=\"https:\/\/grupos.us.es\/habier\/intervenciones\/que-son-iaa\/breve-historia\/\" data-type=\"page\" data-id=\"24\" target=\"_blank\">historia<\/a> y <a rel=\"noreferrer noopener\" href=\"https:\/\/grupos.us.es\/habier\/intervenciones\/que-son-iaa\/ambitos-de-aplicacion\/\" data-type=\"page\" data-id=\"77\" target=\"_blank\">contextos de aplicaci\u00f3n<\/a> de las denominadas intervenciones asistidas por animales.<\/li><li><a rel=\"noreferrer noopener\" href=\"https:\/\/grupos.us.es\/habier\/publicaciones\/\" data-type=\"page\" data-id=\"14\" target=\"_blank\">Divulgar:<\/a> De nada sirve el conocimiento si no es compartido. Por ello, la web ofrece una lista de referencias (y, en muchos casos, los enlaces) a diversos art\u00edculos, informes, aportaciones a congreso, material divulgativo, etc.<\/li><li><a rel=\"noreferrer noopener\" href=\"https:\/\/grupos.us.es\/habier\/inicio\/colaboradores\/\" data-type=\"page\" data-id=\"202\" target=\"_blank\">Visibilizar<\/a>: La <a rel=\"noreferrer noopener\" href=\"https:\/\/grupos.us.es\/habier\/inicio\/interaccion-humano-animal\/\" data-type=\"page\" data-id=\"26\" target=\"_blank\">antrozoolog\u00eda<\/a> es un campo en expansi\u00f3n, pero es relativamente poco conocido en el mundo acad\u00e9mico hispanohablante y en los muchos contextos aplicados en los que puede jugar un papel relevante. Por ello, desde la HABIER se desarrollar\u00e1n acciones para visibilizar su relevancia cient\u00edfica y tecnol\u00f3gica, as\u00ed como para dar mayor proyecci\u00f3n a los equipos que trabajan por el desarrollo de estas iniciativas.<\/li><\/ol>\n","protected":false},"excerpt":{"rendered":"<p>HABIER nace con cinco grandes objetivos: Investigar: El desarrollo del conocimiento es el primer paso para poder mejorar las vidas de las comunidades. Por ello, la web dar\u00e1 visibilidad a distintas iniciativas que se desarrollan, total o parcialmente, en la Facultad de Psicolog\u00eda de la U. Sevilla. Si quieres saber m\u00e1s, o si te interesa &hellip; <a href=\"https:\/\/grupos.us.es\/habier\/inicio\/objetivos\/\" class=\"more-link\">Seguir leyendo <span class=\"screen-reader-text\">Objetivos<\/span> <span class=\"meta-nav\">&rarr;<\/span><\/a><\/p>\n","protected":false},"author":1,"featured_media":0,"parent":8,"menu_order":1,"comment_status":"closed","ping_status":"closed","template":"","meta":{"iawp_total_views":4,"footnotes":""},"categories":[],"tags":[],"class_list":["post-230","page","type-page","status-publish","hentry"],"_links":{"self":[{"href":"https:\/\/grupos.us.es\/habier\/wp-json\/wp\/v2\/pages\/230","targetHints":{"allow":["GET"]}}],"collection":[{"href":"https:\/\/grupos.us.es\/habier\/wp-json\/wp\/v2\/pages"}],"about":[{"href":"https:\/\/grupos.us.es\/habier\/wp-json\/wp\/v2\/types\/page"}],"author":[{"embeddable":true,"href":"https:\/\/grupos.us.es\/habier\/wp-json\/wp\/v2\/users\/1"}],"replies":[{"embeddable":true,"href":"https:\/\/grupos.us.es\/habier\/wp-json\/wp\/v2\/comments?post=230"}],"version-history":[{"count":1,"href":"https:\/\/grupos.us.es\/habier\/wp-json\/wp\/v2\/pages\/230\/revisions"}],"predecessor-version":[{"id":232,"href":"https:\/\/grupos.us.es\/habier\/wp-json\/wp\/v2\/pages\/230\/revisions\/232"}],"up":[{"embeddable":true,"href":"https:\/\/grupos.us.es\/habier\/wp-json\/wp\/v2\/pages\/8"}],"wp:attachment":[{"href":"https:\/\/grupos.us.es\/habier\/wp-json\/wp\/v2\/media?parent=230"}],"wp:term":[{"taxonomy":"category","embeddable":true,"href":"https:\/\/grupos.us.es\/habier\/wp-json\/wp\/v2\/categories?post=230"},{"taxonomy":"post_tag","embeddable":true,"href":"https:\/\/grupos.us.es\/habier\/wp-json\/wp\/v2\/tags?post=230"}],"curies":[{"name":"wp","href":"https:\/\/api.w.org\/{rel}","templated":true}]}}