{"id":20,"date":"2021-02-06T16:08:43","date_gmt":"2021-02-06T16:08:43","guid":{"rendered":"http:\/\/grupos.us.es\/habier\/?page_id=20"},"modified":"2025-12-18T10:50:00","modified_gmt":"2025-12-18T10:50:00","slug":"articulos","status":"publish","type":"page","link":"https:\/\/grupos.us.es\/habier\/publicaciones\/articulos\/","title":{"rendered":"Art\u00edculos y congresos"},"content":{"rendered":"\n<p>Llevamos m\u00e1s de una d\u00e9cada dedicados a la investigaci\u00f3n de todo lo relacionado con el v\u00ednculo entre humanos y otros animales. En el apartado de <a href=\"https:\/\/grupos.us.es\/habier\/investigacion\/\" data-type=\"page\" data-id=\"16\">investigaci\u00f3n <\/a>puedes encontrar nuestras principales l\u00edneas.<\/p>\n\n\n\n<p>Para ver todas nuestras aportaciones a foros cient\u00edfico-t\u00e9cnicos, puedes visitar nuestra p\u00e1gina en Researchgate, pulsando el logotipo abajo:<\/p>\n\n\n<div class=\"wp-block-image is-style-default\">\n<figure class=\"aligncenter size-large is-resized\"><a href=\"https:\/\/www.researchgate.net\/lab\/HABIER-Human-Animal-Bond-in-Interventions-Education-Research-Javier-Lopez-Cepero-Borrego\" target=\"_blank\" rel=\"noreferrer noopener\"><img loading=\"lazy\" decoding=\"async\" width=\"1024\" height=\"130\" src=\"https:\/\/grupos.us.es\/habier\/wp-content\/uploads\/2024\/07\/ResearchGate_logo-1024x130.png\" alt=\"\" class=\"wp-image-446\" style=\"width:436px;height:auto\" srcset=\"https:\/\/grupos.us.es\/habier\/wp-content\/uploads\/2024\/07\/ResearchGate_logo-1024x130.png 1024w, https:\/\/grupos.us.es\/habier\/wp-content\/uploads\/2024\/07\/ResearchGate_logo-300x38.png 300w, https:\/\/grupos.us.es\/habier\/wp-content\/uploads\/2024\/07\/ResearchGate_logo-768x97.png 768w, https:\/\/grupos.us.es\/habier\/wp-content\/uploads\/2024\/07\/ResearchGate_logo-1536x194.png 1536w, https:\/\/grupos.us.es\/habier\/wp-content\/uploads\/2024\/07\/ResearchGate_logo-2048x259.png 2048w\" sizes=\"auto, (max-width: 1024px) 100vw, 1024px\" \/><\/a><\/figure>\n<\/div>","protected":false},"excerpt":{"rendered":"<p>Llevamos m\u00e1s de una d\u00e9cada dedicados a la investigaci\u00f3n de todo lo relacionado con el v\u00ednculo entre humanos y otros animales. En el apartado de investigaci\u00f3n puedes encontrar nuestras principales l\u00edneas. Para ver todas nuestras aportaciones a foros cient\u00edfico-t\u00e9cnicos, puedes visitar nuestra p\u00e1gina en Researchgate, pulsando el logotipo abajo:<\/p>\n","protected":false},"author":1,"featured_media":0,"parent":14,"menu_order":2,"comment_status":"closed","ping_status":"closed","template":"","meta":{"iawp_total_views":26,"footnotes":""},"categories":[],"tags":[13,18],"class_list":["post-20","page","type-page","status-publish","hentry","tag-articulo","tag-publicaciones"],"_links":{"self":[{"href":"https:\/\/grupos.us.es\/habier\/wp-json\/wp\/v2\/pages\/20","targetHints":{"allow":["GET"]}}],"collection":[{"href":"https:\/\/grupos.us.es\/habier\/wp-json\/wp\/v2\/pages"}],"about":[{"href":"https:\/\/grupos.us.es\/habier\/wp-json\/wp\/v2\/types\/page"}],"author":[{"embeddable":true,"href":"https:\/\/grupos.us.es\/habier\/wp-json\/wp\/v2\/users\/1"}],"replies":[{"embeddable":true,"href":"https:\/\/grupos.us.es\/habier\/wp-json\/wp\/v2\/comments?post=20"}],"version-history":[{"count":11,"href":"https:\/\/grupos.us.es\/habier\/wp-json\/wp\/v2\/pages\/20\/revisions"}],"predecessor-version":[{"id":2988,"href":"https:\/\/grupos.us.es\/habier\/wp-json\/wp\/v2\/pages\/20\/revisions\/2988"}],"up":[{"embeddable":true,"href":"https:\/\/grupos.us.es\/habier\/wp-json\/wp\/v2\/pages\/14"}],"wp:attachment":[{"href":"https:\/\/grupos.us.es\/habier\/wp-json\/wp\/v2\/media?parent=20"}],"wp:term":[{"taxonomy":"category","embeddable":true,"href":"https:\/\/grupos.us.es\/habier\/wp-json\/wp\/v2\/categories?post=20"},{"taxonomy":"post_tag","embeddable":true,"href":"https:\/\/grupos.us.es\/habier\/wp-json\/wp\/v2\/tags?post=20"}],"curies":[{"name":"wp","href":"https:\/\/api.w.org\/{rel}","templated":true}]}}